lculate the remainder when 299787269 is divided by 763.
754
Calculate the remainder when 316762 is divided by 253.
6
What is the remainder when 15206060 is divided by 15469?
33
Calculate the remainder when 116163 is divided by 28281.
3039
What is the remainder when 4109921 is divided by 15?
11
Calculate the remainder when 1109512 is divided by 110951.
2
Calculate the remainder when 761624 is divided by 1536.
1304
Calculate the remainder when 262972 is divided by 262918.
54
Calculate the remainder when 3718391 is divided by 3323.
3277
Calculate the remainder when 7992402 is divided by 1885.
2
Calculate the remainder when 28597 is divided by 49.
30
What is the remainder when 28353457 is divided by 567069?
7
Calculate the remainder when 4341510 is divided by 535.
520
Calculate the remainder when 27911 is divided by 141.
134
Calculate the remainder when 25859757 is divided by 795.
792
Calculate the remainder when 111905219 is divided by 4165.
4164
What is the remainder when 279166846 is divided by 249?
247
What is the remainder when 6169322 is divided by 3084638?
46
Calculate the remainder when 2386024 is divided by 21691.
14
Calculate the remainder when 457283 is divided by 451.
420
What is the remainder when 80053066 is divided by 26684344?
34
What is the remainder when 31508027 is divided by 31508018?
9
What is the remainder when 490163 is divided by 72?
59
What is the remainder when 290634 is divided by 67?
55
Calculate the remainder when 53065019 is divided by 17688274.
197
What is the remainder when 991558 is divided by 96?
70
Calculate the remainder when 17372868 is divided by 92.
48
Calculate the remainder when 12796683 is divided by 94.
87
What is the remainder when 353976 is divided by 12206?
2
Calculate the remainder when 6807114 is divided by 752.
10
Calculate the remainder when 10463217 is divided by 5231598.
21
Calculate the remainder when 2664202 is divided by 8.
2
What is the remainder when 5110728 is divided by 428?
408
What is the remainder when 496692 is divided by 2353?
209
Calculate the remainder when 85443 is divided by 28273.
624
What is the remainder when 11684932 is divided by 41?
14
Calculate the remainder when 921238159 is divided by 9211.
9205
Calculate the remainder when 719301 is divided by 353.
240
Calculate the remainder when 644909298 is divided by 212.
210
Calculate the remainder when 97977831 is divided by 87.
84
Calculate the remainder when 24518468 is divided by 288452.
48
Calculate the remainder when 640974 is divided by 2564.
2538
Calculate the remainder when 1212575 is divided by 353.
20
What is the remainder when 6979990 is divided by 4298?
38
What is the remainder when 1306978 is divided by 326742?
10
What is the remainder when 266411 is divided by 1083?
1076
What is the remainder when 6710407 is divided by 3973?
10
Calculate the remainder when 4120 is divided by 1800.
520
What is the remainder when 1602381 is divided by 267062?
9
What is the remainder when 26265182 is divided by 107?
106
What is the remainder when 19402909 is divided by 485?
484
Calculate the remainder when 2911133 is divided by 19027.
2
What is the remainder when 1746243 is divided by 116415?
18
Calculate the remainder when 1457442 is divided by 69393.
189
Calculate the remainder when 197014 is divided by 51.
1
Calculate the remainder when 83476 is divided by 6421.
3
Calculate the remainder when 84238 is divided by 944.
222
What is the remainder when 678421 is divided by 6784?
21
What is the remainder when 212018255 is divided by 432?
431
Calculate the remainder when 3087719 is divided by 3603.
3551
Calculate the remainder when 241952 is divided by 60482.
24
What is the remainder when 130576094 is divided by 23?
11
What is the remainder when 14772878 is divided by 4924287?
17
Calculate the remainder when 2049089 is divided by 682992.
113
Calculate the remainder when 17206743 is divided by 905.
883
Calculate the remainder when 195268392 is divided by 131317.
13
What is the remainder when 5268770 is divided by 669?
395
Calculate the remainder when 156830742 is divided by 644.
642
Calculate the remainder when 267106 is divided by 26424.
2866
What is the remainder when 31940 is divided by 15703?
534
What is the remainder when 91535 is divided by 44623?
2289
What is the remainder when 21780437 is divided by 10?
7
Calculate the remainder when 1570333 is divided by 4187.
208
Calculate the remainder when 357784 is divided by 2000.
1784
What is the remainder when 14512376 is divided by 1127?
1124
What is the remainder when 49189916 is divided by 780?
776
Calculate the remainder when 8864898 is divided by 32955.
3
What is the remainder when 588424 is divided by 97278?
4756
What is the remainder when 3250028 is divided by 1015?
1013
Calculate the remainder when 329998 is divided by 4999.
64
What is the remainder when 12790823 is divided by 991?
977
Calculate the remainder when 378434 is divided by 74.
72
Calculate the remainder when 84801 is divided by 1619.
613
Calculate the remainder when 514380065 is divided by 2974.
2973
Calculate the remainder when 10287168 is divided by 20.
8
What is the remainder when 22705135 is divided by 302735?
10
Calculate the remainder when 177761 is divided by 327.
200
Calculate the remainder when 17208453 is divided by 58933.
17
Calculate the remainder when 30905 is divided by 1964.
1445
What is the remainder when 43863 is divided by 49?
8
What is the remainder when 452221 is divided by 34763?
302
Calculate the remainder when 2318636 is divided by 1159314.
8
What is the remainder when 171251 is divided by 644?
591
What is the remainder when 370563 is divided by 40953?
1986
Calculate the remainder when 53206 is divided by 26533.
140
Calculate the remainder when 15740635 is divided by 5902.
1
What is the remainder when 173261266 is divided by 3644?
3642
Calculate the remainder when 42480 is divided by 295.
0
Calculate the remainder when 81657 is divided by 1599.
108
Calculate the remainder when 23043703 is divided by 7681228.
19
Calculate the remainder when 7043484 is divided by 27.
21
What is the remainder when 186776 is divided by 25523?
8115
What is the remainder when 11351306 is divided by 61?
60
What is the remainder when 38490 is divided by 2757?
2649
What is the remainder when 29010948 is divided by 294?
204
Calculate the remainder when 153149 is divided by 51037.
38
What is the remainder when 158335 is divided by 52761?
52
What is the remainder when 29363455 is divided by 15528?
7
What is the remainder when 621278734 is divided by 211?
206
Calculate the remainder when 319401 is divided by 188.
177
What is the remainder when 14996162 is divided by 4241?
4227
What is the remainder when 10694287 is divided by 244?
11
Calculate the remainder when 2178017 is divided by 311143.
16
Calculate the remainder when 6588673 is divided by 1098110.
13
Calculate the remainder when 7760230 is divided by 82.
78
What is the remainder when 2272506 is divided by 11250?
6
What is the remainder when 9257589 is divided by 2394?
2385
Calculate the remainder when 32714678 is divided by 45.
38
Calculate the remainder when 278715097 is divided by 5197.
5184
What is the remainder when 1267884 is divided by 1718?
0
What is the remainder when 820526 is divided by 273460?
146
What is the remainder when 10345701 is divided by 3448540?
81
What is the remainder when 20874466 is divided by 4416?
34
What is the remainder when 4809755 is divided by 37?
14
Calculate the remainder when 146558 is divided by 2763.
119
Calculate the remainder when 369479 is divided by 6970.
69
Calculate the remainder when 261482 is divided by 261450.
32
Calculate the remainder when 40659 is divided by 3382.
75
What is the remainder when 25611983 is divided by 13?
7
Calculate the remainder when 413543247 is divided by 29.
28
Calculate the remainder when 261919 is divided by 5336.
455
What is the remainder when 262007 is divided by 594?
53
Calculate the remainder when 40621580 is divided by 633.
71
Calculate the remainder when 6702852 is divided by 9070.
122
What is the remainder when 358198960 is divided by 89549739?
4
Calculate the remainder when 4086803 is divided by 86.
83
What is the remainder when 428525 is divided by 60870?
2435
Calculate the remainder when 54